{"id":79,"date":"2021-04-19T14:50:51","date_gmt":"2021-04-19T17:50:51","guid":{"rendered":"https:\/\/dancingdemonart.com\/blog\/?page_id=79"},"modified":"2021-04-23T15:22:40","modified_gmt":"2021-04-23T18:22:40","slug":"sobre-mi","status":"publish","type":"page","link":"https:\/\/dancingdemonart.com\/blog\/es-ar\/sobre-mi\/","title":{"rendered":"Sobre M\u00ed"},"content":{"rendered":"\n<h1 class=\"wp-block-heading\">Sobre M\u00ed<\/h1>\n\n\n\n<div class=\"wp-block-columns is-layout-flex wp-container-core-columns-is-layout-9d6595d7 wp-block-columns-is-layout-flex\">\n<div class=\"wp-block-column is-layout-flow wp-block-column-is-layout-flow\" style=\"flex-basis:66.66%\">\n<p>Mi nombre es Mauricio Roth. Nac\u00ed en San Miguel, provincia de Buenos Aires, Argentina.<\/p>\n\n\n\n<p>Desde muy joven fui aprendiendo dibujo y siempre tuve facilidad para la escritura.<\/p>\n\n\n\n<p>crec\u00ed viendo dibujos animados de todo tipo, pero me enamor\u00e9 de las series de acci\u00f3n, fantas\u00eda y superh\u00e9roes.<\/p>\n\n\n\n<p>Tambi\u00e9n, durante mi infancia, existi\u00f3 un programa de televisi\u00f3n llamado \u201cS\u00e1bados de Super-acci\u00f3n\u201d: Un ciclo donde pasaban pel\u00edculas viejas (de los 50,60, 70). Comenzaba cerca del mediod\u00eda (los s\u00e1bados por si alguno no se dio cuenta) y duraba hasta la noche. Hab\u00eda de todo: Western, ciencia ficci\u00f3n, terror, fantas\u00eda. Y yo frente al televisor (no hab\u00eda internet) absorbiendo todo como una esponja. Pero no todo era televisi\u00f3n, tambi\u00e9n en esa \u00e9poca le\u00ed varios libros de la misma tem\u00e1tica.<\/p>\n\n\n\n<p>En este blog me dedico a hablar de todos esos temas, con lo m\u00e1s jugoso de la informaci\u00f3n, y un poco de humor. Si eres como yo y te encantan estas cosas, este es tu blog.&nbsp;<\/p>\n\n\n\n<p>Pero sub\u00e1monos otra vez al Delorean y volvamos al pasado: Con el tiempo, mi mente comenz\u00f3 a elaborar sus propias historias, sin saber todav\u00eda c\u00f3mo las har\u00eda realidad.<\/p>\n\n\n\n<p>Mientras tanto, estudiaba electr\u00f3nica, aunque nunca llegu\u00e9 a ejercer y, m\u00e1s adelante, programaci\u00f3n.<\/p>\n\n\n\n<p>Hubo un tiempo en que hac\u00eda videojuegos, tratando de plasmar all\u00ed las historias que ten\u00eda en la cabeza. Llegu\u00e9 a terminar dos t\u00edtulos de una saga que llam\u00e9 \u201cBoundless Might\u201d. Una historia de h\u00e9roes con poderes m\u00e1gicos que se enfrentan a villanos igualmente poderosos (o m\u00e1s). Pero no qued\u00e9 del todo satisfecho con el resultado final y me di cuenta, de que no necesitaba algo tan complejo para contar lo que a m\u00ed me interesaba contar..<\/p>\n\n\n\n<p>Hoy trato de abrirme camino en el mundo de los comics. Decid\u00ed empezar con un proyecto sencillo, humor\u00edstico y desenfadado, para ver si me siento c\u00f3modo con el formato y desarrollar un m\u00e9todo de trabajo. As\u00ed naci\u00f3 \u201cMi Primer Empleo\u201d, ya publicado, y con una secuela en proceso. Mi siguiente objetivo es retomar el argumento de Boundless Might y trasladarlo al formato de los c\u00f3mics. Pero para eso todav\u00eda falta un tiempo m\u00e1s.<\/p>\n\n\n\n<p>Como muestra, echemos un vistazo a mi colecci\u00f3n de figuras de acci\u00f3n:<\/p>\n<\/div>\n\n\n\n<div class=\"wp-block-column is-layout-flow wp-block-column-is-layout-flow\" style=\"flex-basis:33.33%\">\n<figure class=\"wp-block-image size-large\"><img decoding=\"async\" width=\"768\" height=\"1024\" data-src=\"https:\/\/dancingdemonart.com\/blog\/wp-content\/uploads\/yo-768x1024.jpg\" alt=\"dancing demon\" class=\"wp-image-167 lazyload\" data-srcset=\"https:\/\/dancingdemonart.com\/blog\/wp-content\/uploads\/yo-768x1024.jpg 768w, https:\/\/dancingdemonart.com\/blog\/wp-content\/uploads\/yo-scaled-600x800.jpg 600w, https:\/\/dancingdemonart.com\/blog\/wp-content\/uploads\/yo-225x300.jpg 225w, https:\/\/dancingdemonart.com\/blog\/wp-content\/uploads\/yo-1152x1536.jpg 1152w, https:\/\/dancingdemonart.com\/blog\/wp-content\/uploads\/yo-1536x2048.jpg 1536w, https:\/\/dancingdemonart.com\/blog\/wp-content\/uploads\/yo-1568x2091.jpg 1568w, https:\/\/dancingdemonart.com\/blog\/wp-content\/uploads\/yo-scaled.jpg 1920w\" data-sizes=\"(max-width: 768px) 100vw, 768px\" src=\"data:image\/svg+xml;base64,PHN2ZyB3aWR0aD0iMSIgaGVpZ2h0PSIxIiB4bWxucz0iaHR0cDovL3d3dy53My5vcmcvMjAwMC9zdmciPjwvc3ZnPg==\" style=\"--smush-placeholder-width: 768px; --smush-placeholder-aspect-ratio: 768\/1024;\" \/><figcaption>dancing demon<\/figcaption><\/figure>\n<\/div>\n<\/div>\n\n\n\n<div class=\"wp-block-columns is-layout-flex wp-container-core-columns-is-layout-9d6595d7 wp-block-columns-is-layout-flex\">\n<div class=\"wp-block-column is-layout-flow wp-block-column-is-layout-flow\">\n<figure class=\"wp-block-image size-large\"><img decoding=\"async\" width=\"1024\" height=\"768\" data-src=\"https:\/\/dancingdemonart.com\/blog\/wp-content\/uploads\/misMunecos1-1024x768.png\" alt=\"kintaro, wonder woman, brainiac, clawful, robot, cobracan\" class=\"wp-image-168 lazyload\" data-srcset=\"https:\/\/dancingdemonart.com\/blog\/wp-content\/uploads\/misMunecos1-1024x768.png 1024w, https:\/\/dancingdemonart.com\/blog\/wp-content\/uploads\/misMunecos1-600x450.png 600w, https:\/\/dancingdemonart.com\/blog\/wp-content\/uploads\/misMunecos1-300x225.png 300w, https:\/\/dancingdemonart.com\/blog\/wp-content\/uploads\/misMunecos1-768x576.png 768w, https:\/\/dancingdemonart.com\/blog\/wp-content\/uploads\/misMunecos1.png 1440w\" data-sizes=\"(max-width: 1024px) 100vw, 1024px\" src=\"data:image\/svg+xml;base64,PHN2ZyB3aWR0aD0iMSIgaGVpZ2h0PSIxIiB4bWxucz0iaHR0cDovL3d3dy53My5vcmcvMjAwMC9zdmciPjwvc3ZnPg==\" style=\"--smush-placeholder-width: 1024px; --smush-placeholder-aspect-ratio: 1024\/768;\" \/><figcaption>kintaro, wonder woman, brainiac, clawful, robot, cobracan<\/figcaption><\/figure>\n<\/div>\n\n\n\n<div class=\"wp-block-column is-layout-flow wp-block-column-is-layout-flow\">\n<figure class=\"wp-block-image size-large\"><img decoding=\"async\" width=\"1024\" height=\"768\" data-src=\"https:\/\/dancingdemonart.com\/blog\/wp-content\/uploads\/misMunecos2-1024x768.png\" alt=\"robot, cobracan, zombie, momia, storm trooper, hombre lobo\" class=\"wp-image-62 lazyload\" data-srcset=\"https:\/\/dancingdemonart.com\/blog\/wp-content\/uploads\/misMunecos2-1024x768.png 1024w, https:\/\/dancingdemonart.com\/blog\/wp-content\/uploads\/misMunecos2-600x450.png 600w, https:\/\/dancingdemonart.com\/blog\/wp-content\/uploads\/misMunecos2-300x225.png 300w, https:\/\/dancingdemonart.com\/blog\/wp-content\/uploads\/misMunecos2-768x576.png 768w, https:\/\/dancingdemonart.com\/blog\/wp-content\/uploads\/misMunecos2.png 1440w\" data-sizes=\"(max-width: 1024px) 100vw, 1024px\" src=\"data:image\/svg+xml;base64,PHN2ZyB3aWR0aD0iMSIgaGVpZ2h0PSIxIiB4bWxucz0iaHR0cDovL3d3dy53My5vcmcvMjAwMC9zdmciPjwvc3ZnPg==\" style=\"--smush-placeholder-width: 1024px; --smush-placeholder-aspect-ratio: 1024\/768;\" \/><figcaption>robot, cobracan, zombie, momia, storm trooper, hombre lobo<\/figcaption><\/figure>\n<\/div>\n<\/div>\n","protected":false},"excerpt":{"rendered":"<p>Sobre M\u00ed Mi nombre es Mauricio Roth. Nac\u00ed en San Miguel, provincia de Buenos Aires, Argentina. Desde muy joven fui aprendiendo dibujo y siempre tuve facilidad para la escritura. crec\u00ed&hellip;<a href=\"https:\/\/dancingdemonart.com\/blog\/es-ar\/sobre-mi\/\" class=\"more-link\"><span class=\"more-button\">Continue reading<span class=\"screen-reader-text\">Sobre M\u00ed<\/span><\/span><\/a><\/p>\n","protected":false},"author":1,"featured_media":0,"parent":0,"menu_order":0,"comment_status":"closed","ping_status":"closed","template":"","meta":{"footnotes":""},"class_list":["post-79","page","type-page","status-publish","hentry"],"yoast_head":"<!-- This site is optimized with the Yoast SEO plugin v26.7 - https:\/\/yoast.com\/wordpress\/plugins\/seo\/ -->\r\n<title>Sobre M\u00ed - Dancing Demon<\/title>\r\n<meta name=\"robots\" content=\"index, follow, max-snippet:-1, max-image-preview:large, max-video-preview:-1\" \/>\r\n<link rel=\"canonical\" href=\"https:\/\/dancingdemonart.com\/blog\/es-ar\/sobre-mi\/\" \/>\r\n<meta property=\"og:locale\" content=\"en_GB\" \/>\r\n<meta property=\"og:type\" content=\"article\" \/>\r\n<meta property=\"og:title\" content=\"Sobre M\u00ed - Dancing Demon\" \/>\r\n<meta property=\"og:description\" content=\"Sobre M\u00ed Mi nombre es Mauricio Roth. Nac\u00ed en San Miguel, provincia de Buenos Aires, Argentina. Desde muy joven fui aprendiendo dibujo y siempre tuve facilidad para la escritura. crec\u00ed&hellip;Continue readingSobre M\u00ed\" \/>\r\n<meta property=\"og:url\" content=\"https:\/\/dancingdemonart.com\/blog\/es-ar\/sobre-mi\/\" \/>\r\n<meta property=\"og:site_name\" content=\"Dancing Demon\" \/>\r\n<meta property=\"article:publisher\" content=\"https:\/\/www.facebook.com\/DancingDemonArt\" \/>\r\n<meta property=\"article:modified_time\" content=\"2021-04-23T18:22:40+00:00\" \/>\r\n<meta property=\"og:image\" content=\"https:\/\/dancingdemonart.com\/blog\/wp-content\/uploads\/yo-768x1024.jpg\" \/>\r\n<meta name=\"twitter:card\" content=\"summary_large_image\" \/>\r\n<meta name=\"twitter:label1\" content=\"Estimated reading time\" \/>\n\t<meta name=\"twitter:data1\" content=\"3 minutes\" \/>\r\n<script type=\"application\/ld+json\" class=\"yoast-schema-graph\">{\"@context\":\"https:\/\/schema.org\",\"@graph\":[{\"@type\":\"WebPage\",\"@id\":\"https:\/\/dancingdemonart.com\/blog\/es-ar\/sobre-mi\/\",\"url\":\"https:\/\/dancingdemonart.com\/blog\/es-ar\/sobre-mi\/\",\"name\":\"Sobre M\u00ed - Dancing Demon\",\"isPartOf\":{\"@id\":\"https:\/\/dancingdemonart.com\/blog\/#website\"},\"primaryImageOfPage\":{\"@id\":\"https:\/\/dancingdemonart.com\/blog\/es-ar\/sobre-mi\/#primaryimage\"},\"image\":{\"@id\":\"https:\/\/dancingdemonart.com\/blog\/es-ar\/sobre-mi\/#primaryimage\"},\"thumbnailUrl\":\"https:\/\/dancingdemonart.com\/blog\/wp-content\/uploads\/yo-768x1024.jpg\",\"datePublished\":\"2021-04-19T17:50:51+00:00\",\"dateModified\":\"2021-04-23T18:22:40+00:00\",\"breadcrumb\":{\"@id\":\"https:\/\/dancingdemonart.com\/blog\/es-ar\/sobre-mi\/#breadcrumb\"},\"inLanguage\":\"en-GB\",\"potentialAction\":[{\"@type\":\"ReadAction\",\"target\":[\"https:\/\/dancingdemonart.com\/blog\/es-ar\/sobre-mi\/\"]}]},{\"@type\":\"ImageObject\",\"inLanguage\":\"en-GB\",\"@id\":\"https:\/\/dancingdemonart.com\/blog\/es-ar\/sobre-mi\/#primaryimage\",\"url\":\"https:\/\/dancingdemonart.com\/blog\/wp-content\/uploads\/yo-768x1024.jpg\",\"contentUrl\":\"https:\/\/dancingdemonart.com\/blog\/wp-content\/uploads\/yo-768x1024.jpg\"},{\"@type\":\"BreadcrumbList\",\"@id\":\"https:\/\/dancingdemonart.com\/blog\/es-ar\/sobre-mi\/#breadcrumb\",\"itemListElement\":[{\"@type\":\"ListItem\",\"position\":1,\"name\":\"Home\",\"item\":\"https:\/\/dancingdemonart.com\/blog\/\"},{\"@type\":\"ListItem\",\"position\":2,\"name\":\"Sobre M\u00ed\"}]},{\"@type\":\"WebSite\",\"@id\":\"https:\/\/dancingdemonart.com\/blog\/#website\",\"url\":\"https:\/\/dancingdemonart.com\/blog\/\",\"name\":\"Dancing Demon\",\"description\":\"Blog about fantasy, horror and sci-fi\",\"publisher\":{\"@id\":\"https:\/\/dancingdemonart.com\/blog\/#organization\"},\"potentialAction\":[{\"@type\":\"SearchAction\",\"target\":{\"@type\":\"EntryPoint\",\"urlTemplate\":\"https:\/\/dancingdemonart.com\/blog\/?s={search_term_string}\"},\"query-input\":{\"@type\":\"PropertyValueSpecification\",\"valueRequired\":true,\"valueName\":\"search_term_string\"}}],\"inLanguage\":\"en-GB\"},{\"@type\":\"Organization\",\"@id\":\"https:\/\/dancingdemonart.com\/blog\/#organization\",\"name\":\"Dancing Demon\",\"url\":\"https:\/\/dancingdemonart.com\/blog\/\",\"logo\":{\"@type\":\"ImageObject\",\"inLanguage\":\"en-GB\",\"@id\":\"https:\/\/dancingdemonart.com\/blog\/#\/schema\/logo\/image\/\",\"url\":\"https:\/\/dancingdemonart.com\/blog\/wp-content\/uploads\/logo2.png\",\"contentUrl\":\"https:\/\/dancingdemonart.com\/blog\/wp-content\/uploads\/logo2.png\",\"width\":51,\"height\":51,\"caption\":\"Dancing Demon\"},\"image\":{\"@id\":\"https:\/\/dancingdemonart.com\/blog\/#\/schema\/logo\/image\/\"},\"sameAs\":[\"https:\/\/www.facebook.com\/DancingDemonArt\"]}]}<\/script>\r\n<!-- \/ Yoast SEO plugin. -->","yoast_head_json":{"title":"Sobre M\u00ed - Dancing Demon","robots":{"index":"index","follow":"follow","max-snippet":"max-snippet:-1","max-image-preview":"max-image-preview:large","max-video-preview":"max-video-preview:-1"},"canonical":"https:\/\/dancingdemonart.com\/blog\/es-ar\/sobre-mi\/","og_locale":"en_GB","og_type":"article","og_title":"Sobre M\u00ed - Dancing Demon","og_description":"Sobre M\u00ed Mi nombre es Mauricio Roth. Nac\u00ed en San Miguel, provincia de Buenos Aires, Argentina. Desde muy joven fui aprendiendo dibujo y siempre tuve facilidad para la escritura. crec\u00ed&hellip;Continue readingSobre M\u00ed","og_url":"https:\/\/dancingdemonart.com\/blog\/es-ar\/sobre-mi\/","og_site_name":"Dancing Demon","article_publisher":"https:\/\/www.facebook.com\/DancingDemonArt","article_modified_time":"2021-04-23T18:22:40+00:00","og_image":[{"url":"https:\/\/dancingdemonart.com\/blog\/wp-content\/uploads\/yo-768x1024.jpg","type":"","width":"","height":""}],"twitter_card":"summary_large_image","twitter_misc":{"Estimated reading time":"3 minutes"},"schema":{"@context":"https:\/\/schema.org","@graph":[{"@type":"WebPage","@id":"https:\/\/dancingdemonart.com\/blog\/es-ar\/sobre-mi\/","url":"https:\/\/dancingdemonart.com\/blog\/es-ar\/sobre-mi\/","name":"Sobre M\u00ed - Dancing Demon","isPartOf":{"@id":"https:\/\/dancingdemonart.com\/blog\/#website"},"primaryImageOfPage":{"@id":"https:\/\/dancingdemonart.com\/blog\/es-ar\/sobre-mi\/#primaryimage"},"image":{"@id":"https:\/\/dancingdemonart.com\/blog\/es-ar\/sobre-mi\/#primaryimage"},"thumbnailUrl":"https:\/\/dancingdemonart.com\/blog\/wp-content\/uploads\/yo-768x1024.jpg","datePublished":"2021-04-19T17:50:51+00:00","dateModified":"2021-04-23T18:22:40+00:00","breadcrumb":{"@id":"https:\/\/dancingdemonart.com\/blog\/es-ar\/sobre-mi\/#breadcrumb"},"inLanguage":"en-GB","potentialAction":[{"@type":"ReadAction","target":["https:\/\/dancingdemonart.com\/blog\/es-ar\/sobre-mi\/"]}]},{"@type":"ImageObject","inLanguage":"en-GB","@id":"https:\/\/dancingdemonart.com\/blog\/es-ar\/sobre-mi\/#primaryimage","url":"https:\/\/dancingdemonart.com\/blog\/wp-content\/uploads\/yo-768x1024.jpg","contentUrl":"https:\/\/dancingdemonart.com\/blog\/wp-content\/uploads\/yo-768x1024.jpg"},{"@type":"BreadcrumbList","@id":"https:\/\/dancingdemonart.com\/blog\/es-ar\/sobre-mi\/#breadcrumb","itemListElement":[{"@type":"ListItem","position":1,"name":"Home","item":"https:\/\/dancingdemonart.com\/blog\/"},{"@type":"ListItem","position":2,"name":"Sobre M\u00ed"}]},{"@type":"WebSite","@id":"https:\/\/dancingdemonart.com\/blog\/#website","url":"https:\/\/dancingdemonart.com\/blog\/","name":"Dancing Demon","description":"Blog about fantasy, horror and sci-fi","publisher":{"@id":"https:\/\/dancingdemonart.com\/blog\/#organization"},"potentialAction":[{"@type":"SearchAction","target":{"@type":"EntryPoint","urlTemplate":"https:\/\/dancingdemonart.com\/blog\/?s={search_term_string}"},"query-input":{"@type":"PropertyValueSpecification","valueRequired":true,"valueName":"search_term_string"}}],"inLanguage":"en-GB"},{"@type":"Organization","@id":"https:\/\/dancingdemonart.com\/blog\/#organization","name":"Dancing Demon","url":"https:\/\/dancingdemonart.com\/blog\/","logo":{"@type":"ImageObject","inLanguage":"en-GB","@id":"https:\/\/dancingdemonart.com\/blog\/#\/schema\/logo\/image\/","url":"https:\/\/dancingdemonart.com\/blog\/wp-content\/uploads\/logo2.png","contentUrl":"https:\/\/dancingdemonart.com\/blog\/wp-content\/uploads\/logo2.png","width":51,"height":51,"caption":"Dancing Demon"},"image":{"@id":"https:\/\/dancingdemonart.com\/blog\/#\/schema\/logo\/image\/"},"sameAs":["https:\/\/www.facebook.com\/DancingDemonArt"]}]}},"_links":{"self":[{"href":"https:\/\/dancingdemonart.com\/blog\/wp-json\/wp\/v2\/pages\/79","targetHints":{"allow":["GET"]}}],"collection":[{"href":"https:\/\/dancingdemonart.com\/blog\/wp-json\/wp\/v2\/pages"}],"about":[{"href":"https:\/\/dancingdemonart.com\/blog\/wp-json\/wp\/v2\/types\/page"}],"author":[{"embeddable":true,"href":"https:\/\/dancingdemonart.com\/blog\/wp-json\/wp\/v2\/users\/1"}],"replies":[{"embeddable":true,"href":"https:\/\/dancingdemonart.com\/blog\/wp-json\/wp\/v2\/comments?post=79"}],"version-history":[{"count":3,"href":"https:\/\/dancingdemonart.com\/blog\/wp-json\/wp\/v2\/pages\/79\/revisions"}],"predecessor-version":[{"id":267,"href":"https:\/\/dancingdemonart.com\/blog\/wp-json\/wp\/v2\/pages\/79\/revisions\/267"}],"wp:attachment":[{"href":"https:\/\/dancingdemonart.com\/blog\/wp-json\/wp\/v2\/media?parent=79"}],"curies":[{"name":"wp","href":"https:\/\/api.w.org\/{rel}","templated":true}]}}